divided by 678.
476
What is the remainder when 14672 is divided by 1466?
12
What is the remainder when 5187539 is divided by 15?
14
Calculate the remainder when 23676 is divided by 123.
60
What is the remainder when 16794 is divided by 4196?
10
Calculate the remainder when 40771 is divided by 40770.
1
Calculate the remainder when 16145 is divided by 197.
188
Calculate the remainder when 47579 is divided by 85.
64
Calculate the remainder when 5431 is divided by 615.
511
What is the remainder when 8062 is divided by 475?
462
Calculate the remainder when 25477 is divided by 48.
37
What is the remainder when 12665 is divided by 82?
37
Calculate the remainder when 1029430 is divided by 514700.
30
Calculate the remainder when 152810 is divided by 421.
408
What is the remainder when 626050 is divided by 107?
100
What is the remainder when 123950 is divided by 16?
14
What is the remainder when 87240 is divided by 43?
36
What is the remainder when 363536 is divided by 292?
288
Calculate the remainder when 303455 is divided by 218.
217
What is the remainder when 41639 is divided by 41631?
8
Calculate the remainder when 1452582 is divided by 895.
892
Calculate the remainder when 155706 is divided by 79.
76
Calculate the remainder when 101907 is divided by 5.
2
Calculate the remainder when 982643 is divided by 113.
108
What is the remainder when 128463 is divided by 217?
216
What is the remainder when 153730 is divided by 21?
10
What is the remainder when 17002 is divided by 404?
34
Calculate the remainder when 32853 is divided by 44.
29
Calculate the remainder when 8189 is divided by 21.
20
Calculate the remainder when 28097 is divided by 81.
71
Calculate the remainder when 539851 is divided by 13842.
13
What is the remainder when 45072 is divided by 62?
60
What is the remainder when 102998 is divided by 11436?
74
What is the remainder when 10314 is divided by 55?
29
What is the remainder when 2707 is divided by 962?
783
Calculate the remainder when 63438 is divided by 7928.
14
Calculate the remainder when 23749 is divided by 415.
94
Calculate the remainder when 19447 is divided by 3889.
2
Calculate the remainder when 854 is divided by 434.
420
What is the remainder when 229 is divided by 2?
1
What is the remainder when 8985 is divided by 8921?
64
Calculate the remainder when 13760 is divided by 160.
0
What is the remainder when 36872 is divided by 348?
332
Calculate the remainder when 145859 is divided by 164.
63
Calculate the remainder when 11011 is divided by 949.
572
What is the remainder when 11635 is divided by 3869?
28
Calculate the remainder when 240465 is divided by 273.
225
Calculate the remainder when 989 is divided by 440.
109
What is the remainder when 2476 is divided by 87?
40
Calculate the remainder when 1107 is divided by 1076.
31
Calculate the remainder when 36071 is divided by 44.
35
Calculate the remainder when 112253 is divided by 99.
86
What is the remainder when 14200 is divided by 545?
30
What is the remainder when 482 is divided by 200?
82
Calculate the remainder when 167814 is divided by 83783.
248
Calculate the remainder when 608 is divided by 299.
10
Calculate the remainder when 15281 is divided by 27.
26
Calculate the remainder when 14766 is divided by 23.
0
What is the remainder when 3430 is divided by 651?
175
Calculate the remainder when 1944 is divided by 944.
56
Calculate the remainder when 19558 is divided by 9777.
4
What is the remainder when 6060 is divided by 28?
12
What is the remainder when 72053 is divided by 3270?
113
What is the remainder when 521459 is divided by 18?
17
Calculate the remainder when 56173 is divided by 749.
747
Calculate the remainder when 730436 is divided by 52.
44
Calculate the remainder when 73195 is divided by 50.
45
What is the remainder when 7347 is divided by 155?
62
Calculate the remainder when 8142 is divided by 322.
92
Calculate the remainder when 499589 is divided by 182.
181
What is the remainder when 3046155 is divided by 761537?
7
What is the remainder when 3079 is divided by 1005?
64
Calculate the remainder when 1145624 is divided by 99.
95
Calculate the remainder when 237 is divided by 125.
112
What is the remainder when 413146 is divided by 781?
778
What is the remainder when 1138951 is divided by 25310?
1
What is the remainder when 1751 is divided by 95?
41
What is the remainder when 60723 is divided by 660?
3
What is the remainder when 8497 is divided by 501?
481
Calculate the remainder when 11962 is divided by 7.
6
What is the remainder when 1124 is divided by 23?
20
What is the remainder when 42641 is divided by 10598?
249
What is the remainder when 10303 is divided by 4658?
987
What is the remainder when 34640 is divided by 517?
1
Calculate the remainder when 1341 is divided by 235.
166
Calculate the remainder when 20247 is divided by 248.
159
What is the remainder when 23801 is divided by 7609?
974
What is the remainder when 5573 is divided by 140?
113
What is the remainder when 78304 is divided by 1598?
2
Calculate the remainder when 160830 is divided by 32.
30
Calculate the remainder when 96345 is divided by 222.
219
What is the remainder when 15897 is divided by 41?
30
Calculate the remainder when 13821 is divided by 6866.
89
What is the remainder when 23619 is divided by 241?
1
What is the remainder when 756122 is divided by 65?
42
What is the remainder when 2064412 is divided by 66?
64
What is the remainder when 60513 is divided by 6050?
13
What is the remainder when 96109 is divided by 22?
13
What is the remainder when 4558 is divided by 205?
48
What is the remainder when 2588 is divided by 4?
0
Calculate the remainder when 20471 is divided by 10232.
7
What is the remainder when 18324 is divided by 2020?
144
Calculate the remainder when 167945 is divided by 65.
50
What is the remainder when 4021 is divided by 1184?
469
Calculate the remainder when 141353 is divided by 236.
225
What is the remainder when 16165 is divided by 317?
315
Calculate the remainder when 183092 is divided by 61020.
32
Calculate the remainder when 66063 is divided by 13195.
88
What is the remainder when 7144 is divided by 1012?
60
What is the remainder when 192071 is divided by 166?
9
What is the remainder when 1904 is divided by 655?
594
Calculate the remainder when 336072 is divided by 25.
22
What is the remainder when 53030 is divided by 272?
262
What is the remainder when 1876 is divided by 259?
63
Calculate the remainder when 97307 is divided by 73.
71
What is the remainder when 20227 is divided by 52?
51
What is the remainder when 377287 is divided by 309?
307
What is the remainder when 290715 is divided by 58139?
20
Calculate the remainder when 399643 is divided by 9515.
13
Calculate the remainder when 544892 is divided by 66.
62
What is the remainder when 2799 is divided by 367?
230
Calculate the remainder when 1108 is divided by 339.
91
What is the remainder when 102205 is divided by 203?
96
Calculate the remainder when 785 is divided by 51.
20
What is the remainder when 1187 is divided by 373?
68
Calculate the remainder when 1003 is divided by 216.
139
What is the remainder when 108829 is divided by 15?
4
What is the remainder when 21965 is divided by 132?
53
Calculate the remainder when 2853 is divided by 48.
21
What is the remainder when 469 is divided by 303?
166
What is the remainder when 29876 is divided by 3731?
28
Calculate the remainder when 21633 is divided by 92.
13
What is the remainder when 374941 is divided by 429?
424
What is the remainder when 8614 is divided by 7?
4
Calculate the remainder when 13056 is divided by 559.
199
What is the remainder when 573897 is divided by 153?
147
What is the remainder when 4078 is divided by 226?
10
Calculate the remainder when 543171 is divided by 38.
37
What is the remainder when 14186 is divided by 161?
18
Calculate the remainder when 272386 is divided by 6.
4
What is the remainder when 1667 is divided by 551?
14
What is the remainder when 3009 is divided by 863?
420
What is the remainder when 37497 is divided by 1339?
5
Calculate the remainder when 11593 is divided by 242.
219
What is the remainder when 95158 is divided by 3659?
24
Calculate the remainder when 7647 is divided by 878.
623
What is the remainder when 15961 is divid